[INFO] cloning repository https://github.com/Emmatipate/ideal-journey
[INFO] running `Command { std: "git" "-c" "credential.helper=" "-c" "credential.helper=/workspace/cargo-home/bin/git-credential-null" "clone" "--bare" "https://github.com/Emmatipate/ideal-journey" "/workspace/cache/git-repos/https%3A%2F%2Fgithub.com%2FEmmatipate%2Fideal-journey", kill_on_drop: false }`
[INFO] [stderr] Cloning into bare repository '/workspace/cache/git-repos/https%3A%2F%2Fgithub.com%2FEmmatipate%2Fideal-journey'...
[INFO] running `Command { std: "git" "rev-parse" "HEAD", kill_on_drop: false }`
[INFO] [stdout] 0dc73cbd0ff2fd6caf0a7514b42cfc5b4978d45d
[INFO] checking Emmatipate/ideal-journey against master#af3c6e733a40e671550e0f0f5aeecaa13772ba56 for pr-74989
[INFO] running `Command { std: "git" "clone" "/workspace/cache/git-repos/https%3A%2F%2Fgithub.com%2FEmmatipate%2Fideal-journey" "/workspace/builds/worker-7/source", kill_on_drop: false }`
[INFO] [stderr] Cloning into '/workspace/builds/worker-7/source'...
[INFO] [stderr] done.
[INFO] validating manifest of git repo https://github.com/Emmatipate/ideal-journey on toolchain af3c6e733a40e671550e0f0f5aeecaa13772ba56
[INFO] running `Command { std: "/workspace/cargo-home/bin/cargo" "+af3c6e733a40e671550e0f0f5aeecaa13772ba56" "read-manifest" "--manifest-path" "Cargo.toml", kill_on_drop: false }`
[INFO] started tweaking git repo https://github.com/Emmatipate/ideal-journey
[INFO] removed path dependency rgl from git repo https://github.com/Emmatipate/ideal-journey
[INFO] finished tweaking git repo https://github.com/Emmatipate/ideal-journey
[INFO] tweaked toml for git repo https://github.com/Emmatipate/ideal-journey written to /workspace/builds/worker-7/source/Cargo.toml
[INFO] crate git repo https://github.com/Emmatipate/ideal-journey already has a lockfile, it will not be regenerated
[INFO] running `Command { std: "/workspace/cargo-home/bin/cargo" "+af3c6e733a40e671550e0f0f5aeecaa13772ba56" "fetch" "--locked" "--manifest-path" "Cargo.toml", kill_on_drop: false }`
[INFO] [stderr] warning: dependency (rgl) specified without providing a local path, Git repository, or version to use. This will be considered an error in future versions
[INFO] [stderr]     Updating crates.io index
[INFO] [stderr] error: the lock file /workspace/builds/worker-7/source/Cargo.lock needs to be updated but --locked was passed to prevent this
[INFO] [stderr] If you want to try to generate the lock file without accessing the network, use the --offline flag.
[INFO] the lockfile is outdated, regenerating it
[INFO] running `Command { std: "/workspace/cargo-home/bin/cargo" "+af3c6e733a40e671550e0f0f5aeecaa13772ba56" "generate-lockfile" "--manifest-path" "Cargo.toml" "-Zno-index-update", kill_on_drop: false }`
[INFO] running `Command { std: "/workspace/cargo-home/bin/cargo" "+af3c6e733a40e671550e0f0f5aeecaa13772ba56" "fetch" "--locked" "--manifest-path" "Cargo.toml", kill_on_drop: false }`
[INFO] [stderr] warning: dependency (rgl) specified without providing a local path, Git repository, or version to use. This will be considered an error in future versions
[INFO] running `Command { std: "docker" "create" "-v" "/var/lib/crater-agent-workspace/builds/worker-7/target:/opt/rustwide/target:rw,Z" "-v" "/var/lib/crater-agent-workspace/builds/worker-7/source:/opt/rustwide/workdir:ro,Z" "-v" "/var/lib/crater-agent-workspace/cargo-home:/opt/rustwide/cargo-home:ro,Z" "-v" "/var/lib/crater-agent-workspace/rustup-home:/opt/rustwide/rustup-home:ro,Z" "-e" "SOURCE_DIR=/opt/rustwide/workdir" "-e" "CARGO_TARGET_DIR=/opt/rustwide/target" "-e" "CARGO_HOME=/opt/rustwide/cargo-home" "-e" "RUSTUP_HOME=/opt/rustwide/rustup-home" "-w" "/opt/rustwide/workdir" "-m" "1610612736" "--user" "0:0" "--network" "none" "rustops/crates-build-env@sha256:d92eaeed33fa75130ca1ee6c8a01d1ffb62bac859dfdfb3450e3e5d1c0146529" "/opt/rustwide/cargo-home/bin/cargo" "+af3c6e733a40e671550e0f0f5aeecaa13772ba56" "metadata" "--no-deps" "--format-version=1", kill_on_drop: false }`
[INFO] [stderr] WARNING: Your kernel does not support swap limit capabilities or the cgroup is not mounted. Memory limited without swap.
[INFO] [stdout] 54657339bf761758562ce9fdc7c3f96ea1f93822d38a0aaa033851773bbdf15f
[INFO] running `Command { std: "docker" "start" "-a" "54657339bf761758562ce9fdc7c3f96ea1f93822d38a0aaa033851773bbdf15f", kill_on_drop: false }`
[INFO] running `Command { std: "docker" "inspect" "54657339bf761758562ce9fdc7c3f96ea1f93822d38a0aaa033851773bbdf15f", kill_on_drop: false }`
[INFO] running `Command { std: "docker" "rm" "-f" "54657339bf761758562ce9fdc7c3f96ea1f93822d38a0aaa033851773bbdf15f", kill_on_drop: false }`
[INFO] [stdout] 54657339bf761758562ce9fdc7c3f96ea1f93822d38a0aaa033851773bbdf15f
[INFO] running `Command { std: "docker" "create" "-v" "/var/lib/crater-agent-workspace/builds/worker-7/target:/opt/rustwide/target:rw,Z" "-v" "/var/lib/crater-agent-workspace/builds/worker-7/source:/opt/rustwide/workdir:ro,Z" "-v" "/var/lib/crater-agent-workspace/cargo-home:/opt/rustwide/cargo-home:ro,Z" "-v" "/var/lib/crater-agent-workspace/rustup-home:/opt/rustwide/rustup-home:ro,Z" "-e" "SOURCE_DIR=/opt/rustwide/workdir" "-e" "CARGO_TARGET_DIR=/opt/rustwide/target" "-e" "CARGO_INCREMENTAL=0" "-e" "RUST_BACKTRACE=full" "-e" "RUSTFLAGS=--cap-lints=forbid" "-e" "CARGO_HOME=/opt/rustwide/cargo-home" "-e" "RUSTUP_HOME=/opt/rustwide/rustup-home" "-w" "/opt/rustwide/workdir" "-m" "1610612736" "--user" "0:0" "--network" "none" "rustops/crates-build-env@sha256:d92eaeed33fa75130ca1ee6c8a01d1ffb62bac859dfdfb3450e3e5d1c0146529" "/opt/rustwide/cargo-home/bin/cargo" "+af3c6e733a40e671550e0f0f5aeecaa13772ba56" "check" "--frozen" "--all" "--all-targets" "--message-format=json", kill_on_drop: false }`
[INFO] [stdout] 39b53e94674d95a8037f4163176368f02a16d585b97340cc4556c7f6e33a7d0f
[INFO] [stderr] WARNING: Your kernel does not support swap limit capabilities or the cgroup is not mounted. Memory limited without swap.
[INFO] running `Command { std: "docker" "start" "-a" "39b53e94674d95a8037f4163176368f02a16d585b97340cc4556c7f6e33a7d0f", kill_on_drop: false }`
[INFO] [stderr] warning: dependency (rgl) specified without providing a local path, Git repository, or version to use. This will be considered an error in future versions
[INFO] [stderr]    Compiling autocfg v1.0.1
[INFO] [stderr]    Compiling bitflags v1.2.1
[INFO] [stderr]    Compiling khronos_api v2.2.0
[INFO] [stderr]    Compiling cc v1.0.59
[INFO] [stderr]    Compiling libc v0.2.77
[INFO] [stderr]    Compiling matrixmultiply v0.1.15
[INFO] [stderr]     Checking cfg-if v0.1.10
[INFO] [stderr]     Checking nom v1.2.4
[INFO] [stderr]     Checking rand_core v0.3.1
[INFO] [stderr]    Compiling log v0.4.11
[INFO] [stderr]     Checking generic-array v0.11.1
[INFO] [stderr]    Compiling log v0.3.9
[INFO] [stderr]    Compiling xml-rs v0.7.0
[INFO] [stderr]    Compiling num-traits v0.2.12
[INFO] [stderr]    Compiling num-integer v0.1.43
[INFO] [stderr]    Compiling num-complex v0.2.4
[INFO] [stderr]    Compiling num-bigint v0.2.6
[INFO] [stderr]    Compiling num-iter v0.1.41
[INFO] [stderr]    Compiling num-rational v0.2.4
[INFO] [stderr]     Checking semver v0.2.3
[INFO] [stderr]    Compiling cmake v0.1.44
[INFO] [stderr]     Checking rand v0.5.6
[INFO] [stderr]    Compiling gl_generator v0.6.1
[INFO] [stderr]    Compiling gl_generator v0.9.0
[INFO] [stderr]    Compiling glfw-sys v3.3.2
[INFO] [stderr]     Checking approx v0.3.2
[INFO] [stderr]     Checking num-traits v0.1.43
[INFO] [stderr]     Checking enum_primitive v0.1.1
[INFO] [stderr]    Compiling gl v0.6.5
[INFO] [stderr]    Compiling gl v0.10.0
[INFO] [stderr]     Checking alga v0.7.2
[INFO] [stderr]     Checking nalgebra v0.16.14
[INFO] [stderr]     Checking num v0.2.1
[INFO] [stderr]     Checking glfw v0.25.1
[INFO] [stderr]     Checking rgl v0.2.0
[INFO] [stderr]     Checking ideal-journey v0.1.0 (/opt/rustwide/workdir)
[INFO] [stdout] error[E0425]: cannot find function `get_attrib_location` in crate `rgl`
[INFO] [stdout]    --> src/main.rs:170:25
[INFO] [stdout]     |
[INFO] [stdout] 170 |     let pos_attr = rgl::get_attrib_location(program, "position");
[INFO] [stdout]     |                         ^^^^^^^^^^^^^^^^^^^ not found in `rgl`
[INFO] [stdout] 
[INFO] [stdout] 
[INFO] [stdout] warning: unnecessary parentheses around assigned value
[INFO] [stdout]   --> src/main.rs:14:30
[INFO] [stdout]    |
[INFO] [stdout] 14 | const MAX_POLYGONS : usize = ((MAX_ROWS-1) * MAX_CORNERS * 2);
[INFO] [stdout]    |                              ^^^^^^^^^^^^^^^^^^^^^^^^^^^^^^^^ help: remove these parentheses
[INFO] [stdout]    |
[INFO] [stdout]    = note: `#[warn(unused_parens)]` on by default
[INFO] [stdout] 
[INFO] [stdout] 
[INFO] [stdout] error[E0425]: cannot find function `get_attrib_location` in crate `rgl`
[INFO] [stdout]    --> src/main.rs:170:25
[INFO] [stdout]     |
[INFO] [stdout] 170 |     let pos_attr = rgl::get_attrib_location(program, "position");
[INFO] [stdout]     |                         ^^^^^^^^^^^^^^^^^^^ not found in `rgl`
[INFO] [stdout] 
[INFO] [stdout] 
[INFO] [stdout] warning: unnecessary parentheses around assigned value
[INFO] [stdout]   --> src/main.rs:14:30
[INFO] [stdout]    |
[INFO] [stdout] 14 | const MAX_POLYGONS : usize = ((MAX_ROWS-1) * MAX_CORNERS * 2);
[INFO] [stdout]    |                              ^^^^^^^^^^^^^^^^^^^^^^^^^^^^^^^^ help: remove these parentheses
[INFO] [stdout]    |
[INFO] [stdout]    = note: `#[warn(unused_parens)]` on by default
[INFO] [stdout] 
[INFO] [stdout] 
[INFO] [stdout] error[E0277]: the trait bound `u32: From<Shader>` is not satisfied
[INFO] [stdout]   --> src/main.rs:88:24
[INFO] [stdout]    |
[INFO] [stdout] 88 |                 shader.into(),
[INFO] [stdout]    |                        ^^^^ the trait `From<Shader>` is not implemented for `u32`
[INFO] [stdout]    |
[INFO] [stdout]    = help: the following implementations were found:
[INFO] [stdout]              <u32 as From<Ipv4Addr>>
[INFO] [stdout]              <u32 as From<NonZeroU32>>
[INFO] [stdout]              <u32 as From<bool>>
[INFO] [stdout]              <u32 as From<char>>
[INFO] [stdout]            and 2 others
[INFO] [stdout]    = note: required because of the requirements on the impl of `Into<u32>` for `Shader`
[INFO] [stdout] 
[INFO] [stdout] 
[INFO] [stdout] error[E0277]: the trait bound `u32: From<Program>` is not satisfied
[INFO] [stdout]    --> src/main.rs:108:34
[INFO] [stdout]     |
[INFO] [stdout] 108 |         gl::GetProgramiv(program.into(), gl::LINK_STATUS, &mut status);
[INFO] [stdout]     |                                  ^^^^ the trait `From<Program>` is not implemented for `u32`
[INFO] [stdout]     |
[INFO] [stdout]     = help: the following implementations were found:
[INFO] [stdout]               <u32 as From<Ipv4Addr>>
[INFO] [stdout]               <u32 as From<NonZeroU32>>
[INFO] [stdout]               <u32 as From<bool>>
[INFO] [stdout]               <u32 as From<char>>
[INFO] [stdout]             and 2 others
[INFO] [stdout]     = note: required because of the requirements on the impl of `Into<u32>` for `Program`
[INFO] [stdout] 
[INFO] [stdout] 
[INFO] [stdout] error[E0277]: the trait bound `u32: From<Shader>` is not satisfied
[INFO] [stdout]   --> src/main.rs:88:24
[INFO] [stdout]    |
[INFO] [stdout] 88 |                 shader.into(),
[INFO] [stdout]    |                        ^^^^ the trait `From<Shader>` is not implemented for `u32`
[INFO] [stdout]    |
[INFO] [stdout]    = help: the following implementations were found:
[INFO] [stdout]              <u32 as From<Ipv4Addr>>
[INFO] [stdout]              <u32 as From<NonZeroU32>>
[INFO] [stdout]              <u32 as From<bool>>
[INFO] [stdout]              <u32 as From<char>>
[INFO] [stdout]            and 2 others
[INFO] [stdout]    = note: required because of the requirements on the impl of `Into<u32>` for `Shader`
[INFO] [stdout] 
[INFO] [stdout] 
[INFO] [stdout] error[E0277]: the trait bound `u32: From<Program>` is not satisfied
[INFO] [stdout]    --> src/main.rs:112:38
[INFO] [stdout]     |
[INFO] [stdout] 112 |             gl::GetProgramiv(program.into(), gl::INFO_LOG_LENGTH, &mut len);
[INFO] [stdout]     |                                      ^^^^ the trait `From<Program>` is not implemented for `u32`
[INFO] [stdout]     |
[INFO] [stdout]     = help: the following implementations were found:
[INFO] [stdout]               <u32 as From<Ipv4Addr>>
[INFO] [stdout]               <u32 as From<NonZeroU32>>
[INFO] [stdout]               <u32 as From<bool>>
[INFO] [stdout]               <u32 as From<char>>
[INFO] [stdout]             and 2 others
[INFO] [stdout]     = note: required because of the requirements on the impl of `Into<u32>` for `Program`
[INFO] [stdout] 
[INFO] [stdout] 
[INFO] [stdout] error[E0277]: the trait bound `u32: From<Program>` is not satisfied
[INFO] [stdout]    --> src/main.rs:118:25
[INFO] [stdout]     |
[INFO] [stdout] 118 |                 program.into(),
[INFO] [stdout]     |                         ^^^^ the trait `From<Program>` is not implemented for `u32`
[INFO] [stdout]     |
[INFO] [stdout]     = help: the following implementations were found:
[INFO] [stdout]               <u32 as From<Ipv4Addr>>
[INFO] [stdout]               <u32 as From<NonZeroU32>>
[INFO] [stdout]               <u32 as From<bool>>
[INFO] [stdout]               <u32 as From<char>>
[INFO] [stdout]             and 2 others
[INFO] [stdout]     = note: required because of the requirements on the impl of `Into<u32>` for `Program`
[INFO] [stdout] 
[INFO] [stdout] 
[INFO] [stdout] error[E0277]: the trait bound `u32: From<Program>` is not satisfied
[INFO] [stdout]    --> src/main.rs:108:34
[INFO] [stdout]     |
[INFO] [stdout] 108 |         gl::GetProgramiv(program.into(), gl::LINK_STATUS, &mut status);
[INFO] [stdout]     |                                  ^^^^ the trait `From<Program>` is not implemented for `u32`
[INFO] [stdout]     |
[INFO] [stdout]     = help: the following implementations were found:
[INFO] [stdout]               <u32 as From<Ipv4Addr>>
[INFO] [stdout]               <u32 as From<NonZeroU32>>
[INFO] [stdout]               <u32 as From<bool>>
[INFO] [stdout]               <u32 as From<char>>
[INFO] [stdout]             and 2 others
[INFO] [stdout]     = note: required because of the requirements on the impl of `Into<u32>` for `Program`
[INFO] [stdout] 
[INFO] [stdout] 
[INFO] [stdout] error[E0277]: the trait bound `u32: From<Program>` is not satisfied
[INFO] [stdout]    --> src/main.rs:112:38
[INFO] [stdout]     |
[INFO] [stdout] 112 |             gl::GetProgramiv(program.into(), gl::INFO_LOG_LENGTH, &mut len);
[INFO] [stdout]     |                                      ^^^^ the trait `From<Program>` is not implemented for `u32`
[INFO] [stdout]     |
[INFO] [stdout]     = help: the following implementations were found:
[INFO] [stdout]               <u32 as From<Ipv4Addr>>
[INFO] [stdout]               <u32 as From<NonZeroU32>>
[INFO] [stdout]               <u32 as From<bool>>
[INFO] [stdout]               <u32 as From<char>>
[INFO] [stdout]             and 2 others
[INFO] [stdout]     = note: required because of the requirements on the impl of `Into<u32>` for `Program`
[INFO] [stdout] 
[INFO] [stdout] 
[INFO] [stdout] error: aborting due to 5 previous errors; 1 warning emitted
[INFO] [stdout] 
[INFO] [stdout] 
[INFO] [stdout] Some errors have detailed explanations: E0277, E0425.
[INFO] [stdout] 
[INFO] [stdout] For more information about an error, try `rustc --explain E0277`.
[INFO] [stdout] 
[INFO] [stdout] error[E0277]: the trait bound `u32: From<Program>` is not satisfied
[INFO] [stdout]    --> src/main.rs:118:25
[INFO] [stdout]     |
[INFO] [stdout] 118 |                 program.into(),
[INFO] [stdout]     |                         ^^^^ the trait `From<Program>` is not implemented for `u32`
[INFO] [stdout]     |
[INFO] [stdout]     = help: the following implementations were found:
[INFO] [stdout]               <u32 as From<Ipv4Addr>>
[INFO] [stdout]               <u32 as From<NonZeroU32>>
[INFO] [stdout]               <u32 as From<bool>>
[INFO] [stdout]               <u32 as From<char>>
[INFO] [stdout]             and 2 others
[INFO] [stdout]     = note: required because of the requirements on the impl of `Into<u32>` for `Program`
[INFO] [stdout] 
[INFO] [stdout] 
[INFO] [stderr] error: could not compile `ideal-journey`.
[INFO] [stderr] 
[INFO] [stderr] To learn more, run the command again with --verbose.
[INFO] [stderr] warning: build failed, waiting for other jobs to finish...
[INFO] [stdout] error: aborting due to 5 previous errors; 1 warning emitted
[INFO] [stdout] 
[INFO] [stdout] 
[INFO] [stdout] Some errors have detailed explanations: E0277, E0425.
[INFO] [stdout] 
[INFO] [stdout] For more information about an error, try `rustc --explain E0277`.
[INFO] [stdout] 
[INFO] [stderr] error: build failed
[INFO] running `Command { std: "docker" "inspect" "39b53e94674d95a8037f4163176368f02a16d585b97340cc4556c7f6e33a7d0f", kill_on_drop: false }`
[INFO] running `Command { std: "docker" "rm" "-f" "39b53e94674d95a8037f4163176368f02a16d585b97340cc4556c7f6e33a7d0f", kill_on_drop: false }`
[INFO] [stdout] 39b53e94674d95a8037f4163176368f02a16d585b97340cc4556c7f6e33a7d0f
